10*t, -5*m = -z*t - 288. List the prime factors of m.
2, 3, 5
Suppose b - 18 = -5*y, 2*y - y - 53 = -4*b. Let u = -7 + b. What are the prime factors of (0 - -3) + 1 + u*15?
2, 47
Let b(k) = -3*k + 42. Let r be b(13). Suppose 0 = 3*x + 5*l + 986, -866 - 124 = 3*x + r*l. Let u = x + 499. What are the prime factors of u?
167
Suppose 0 = -1895*a + 1902*a - 60060. What are the prime factors of a?
2, 3, 5, 11, 13
What are the prime factors of (-2 + -16)*89*26/(-4)?
3, 13, 89
Suppose 0 = -37*t + 83 - 9. Suppose -439 = -t*o + 277. What are the prime factors of o?
2, 179
Let n(m) = m - 5. Let v be n(7). Let h be 4/v + (3*-21)/3. Let r(t) = -7*t - 22. List the prime factors of r(h).
3, 37
Let u = 24302 + 15898. What are the prime factors of u?
2, 3, 5, 67
Let r(i) = 29*i - 116. Let j be r(4). Suppose j = -2*a + 787 + 117. List the prime factors of a.
2, 113
Suppose 25*y - 364 + 89 = 0. Suppose -y*z + 7*z = -2096. List the prime factors of z.
2, 131
Suppose 8*a - 3088 = 88. Let d = 67 + a. What are the prime factors of d?
2, 29
What are the prime factors of (45/10 + -5)*(-14 - 17156)?
5, 17, 101
Suppose -113*o = -99*o + 1176. Let a = o - -239. List the prime factors of a.
5, 31
Let p be (-344)/(-28) + 90/(-21) + 4. Suppose -p = -z + 116. List the prime factors of z.
2
Suppose -2*m + z = m - 7, 3 = -m + 3*z. Suppose 4*s - m*d - 2008 = 0, -3*s - 2*d + 585 = -938. List the prime factors of s.
5, 101
Suppose c - 8 = -2*x, -c - c = 5*x - 19. Suppose c*h + 196 = 6*h. List the prime factors of -1*(-2 - -1)*h.
7
Let f = 30 - 29. Let r be (7/(-7))/(f/2). Let b(c) = 20*c**2 - c. List the prime factors of b(r).
2, 41
Suppose g + 27 - 89 = 0. Let i = 59 - 48. Let l = i + g. What are the prime factors of l?
73
Suppose 3*z = -18, -3*l + 14043 = 3*z - 187596. List the prime factors of l.
67219
Let l(n) = -550*n - 7628. List the prime factors of l(-91).
2, 21211
Let t(a) = -39*a + 7. Let r be t(-7). Suppose -2*w + r = 2*w. Suppose -4*p + w + 206 = 0. List the prime factors of p.
3, 23
Let f(j) = 23*j - 3. Let c be f(1). Suppose -12*d = -7*d + c. List the prime factors of 1 - d/((-12)/9) - -159.
157
Let k = -39 + 45. Let j(y) = -y**3 + 6*y**2 - 5. Let p be j(k). Let h(g) = -6*g + 7. List the prime factors of h(p).
37
Let c = -25 - -699. Suppose j - 5*j = -3*f + 1016, -c = -2*f + 2*j. What are the prime factors of f?
2, 83
Let s(w) = -2*w**2 - w + 1. Let u(f) = 5*f**2 + 3*f + 567. Let t(m) = 2*s(m) + u(m). What are the prime factors of t(0)?
569
Let c(h) = -853*h + 19877. What are the prime factors of c(-32)?
7, 23, 293
Suppose 0 = 12*p - 17*p. Let m(o) = -o**3 - 2*o**2 + 4*o + 30. List the prime factors of m(p).
2, 3, 5
Suppose -85*q + 61 = -84*q. Suppose q*l - 60*l = 137. List the prime factors of l.
137
Let y(a) = 194*a**2 + 45*a + 63. List the prime factors of y(-6).
3, 251
Let u = 550 + -552. What are the prime factors of (u/4)/((-10)/14220)?
3, 79
Let l = 7301 - -98. What are the prime factors of l?
7, 151
What are the prime factors of (-1 - -3285) + -5 + 3?
2, 3, 547
Suppose -11*i = -185*i - 46*i + 8739500. List the prime factors of i.
5, 7, 227
Suppose -5*u + 43862 = -4*j, 3*j + 17549 = -2*u + 4*u. List the prime factors of u.
2, 5, 877
Suppose -v + 2 = 0, 2*v + 216 = z + 3*v. Let b = z + -846. List the prime factors of -2 + (-24)/(-9) + b/(-6).
2, 53
Let m(n) = 0*n**2 + n**3 + 23*n**2 - n**2 - 10. Let i be m(-22). What are the prime factors of i/2*2/(-2)?
5
Let w(l) = l**2 - 19*l + 24. Let s be w(15). Let n be -1 + s/(-14) - 56/98. What are the prime factors of (-6 - -3)/(n/(-59))?
3, 59
Let k be 1 + -5*(-2)/((-8)/(-12)). Suppose k*a = 17*a - 477. Suppose -s = -4*s + a. List the prime factors of s.
3, 53
Let i(y) = -y**2 - 9*y - 10. Let v be i(-7). Suppose -4*q - v*x = -5*q + 190, 0 = -2*q - x + 416. List the prime factors of q.
2, 103
Let t = 123 + -122. List the prime factors of (48 - 46)*t/2*401.
401
Let k(u) = 16*u**2 - 96*u - 1160. List the prime factors of k(-16).
2, 13, 43
Let h(s) = -2*s**2 + 9*s - 40 - 27*s + 27. Let r be h(-8). Suppose -r*w = -5*i - 470, -472 = 2*w - 5*w + 4*i. List the prime factors of w.
2, 5
Suppose 5*g - 12363 = 3*n, -5*n + g - 8255 = 12372. Let b = -2422 - n. What are the prime factors of b?
2, 3, 71
Let z be (237/12 + 0)/((-1)/8). Let f = z + 670. What are the prime factors of f?
2
Let r(x) be the first derivative of -x**3/3 + 17*x**2/2 - 17*x - 715. Let l(s) = -2*s**3 + 2*s - 1. Let i be l(-2). What are the prime factors of r(i)?
7
Let x(b) = 3*b + 2. Let m be x(0). Suppose m*i + 4*a + a + 19 = 0, 15 = -i + 3*a. List the prime factors of (3 + -9)/(6/i).
2, 3
Let c(m) = -33 + 11 + 360*m - 571*m. List the prime factors of c(-3).
13, 47
Let w(a) = 2*a**3 + a**2 - 6*a - 5. Let l be w(-4). Let m(h) = -2*h**3 + 30*h**2 - 9*h + 18. Let j be m(14). Let x = l + j. List the prime factors of x.
191
Let v(r) = -r**3 + 5*r**2 - 4. Let h be v(5). Suppose -16*w + 15*w = 5*z + 87, 2*z - w = -32. What are the prime factors of z/h + 3/(-12) + 251?
3, 5, 17
What are the prime factors of ((-4394)/7)/(7/(-49))?
2, 13
Let k(b) = -2*b**3 - 3*b**2 + 2*b + 17. Let h be k(-4). Let i = -85 + h. Suppose 2*z - 3*q - 166 = z, -2*z + i*q + 328 = 0. List the prime factors of z.
2, 5
Suppose -4*x + 2*x + 14404 = 4*r, -4*r - 7202 = -x. What are the prime factors of x?
2, 13, 277
Let q be (-3 - -7) + (500 - -1). Suppose -6*f = -3*f - 15. Suppose 2*k = f*y + 344, -2*y = -3*k - 0*y + q. List the prime factors of k.
167
Suppose 0 = -22*c + 20*c - 6, 4*b - 5*c + 4737 = 0. List the prime factors of -45*(b/(-48))/(5/(-4)).
3, 11
Suppose -15*n = -2*n - 156774 - 7949. What are the prime factors of n?
12671
Let i be (-4)/(-100)*-5 + (-1061)/(-5). Let m = i - 107. What are the prime factors of m?
3, 5, 7
Let f(u) = -180*u + 12. Let r be f(-1). Let q = r - 380. Let j = 334 + q. What are the prime factors of j?
2, 73
Let s(p) = -2*p**3 + 7*p**2 - 29*p - 40. List the prime factors of s(-9).
2, 1123
Suppose -3*k + 5*w = -79861, 11*w = -4*k + 9*w + 106516. What are the prime factors of k?
26627
Suppose 177 + 208 = 5*b. Suppose 78*i = b*i + 232. List the prime factors of i.
2, 29
Let t be (2 - 591/(-12))*(-1 - 3). Let m = t - -327. Suppose -18 + m = 4*r. List the prime factors of r.
2, 13
Let k = -47 - -47. Suppose k = n + n + 6. List the prime factors of 5/(-10)*((-201 - n) + -2).
2, 5
Let o = 3284 + -5540. Let y = -746 - o. What are the prime factors of y?
2, 5, 151
Let l(k) = 156*k + 164. Let z be l(9). Let j = -913 + z. What are the prime factors of j?
5, 131
Suppose -5*o - s - 40343 = -3*s, 5*o = -4*s - 40319. What are the prime factors of o/(-12) + (-189)/(-108)?
2, 337
Suppose u + 3 = -2*u, -2*n - 291 = u. Let a = n + 185. List the prime factors of a.
2, 5
Let c = -2048 - -2966. What are the prime factors of c?
2, 3, 17
Let p(z) = 4*z**2 + 13*z + 24. Suppose -4*i = 85 - 53. List the prime factors of p(i).
2, 11
Let i(w) = -160*w**2 + 24 - 20 + 504*w**2 + 68*w**2 + 4*w. Let t be i(-1). List the prime factors of (-6 + 2)/((-1244)/t + 3).
2, 103
Let v be ((-5)/3 - -2)/(11/(-825)). Let g be 785/(-4) + v/(-20). Let n = 388 + g. What are the prime factors of n?
193
Let u(j) = -15*j - 52. Let f be u(-4). Suppose 5*n - f*n + 2725 = 5*b, -3*b = 4*n - 3648. List the prime factors of n.
3, 5, 61
Let g(a) = -16*a + 63. Suppose -t + 5*t - 28 = 2*y, -5*y - 4*t = 42. What are the prime factors of g(y)?
223
Let o(m) = -4334*m + 5464. What are the prime factors of o(-11)?
2, 163
Let j(m) be the second derivative of 2*m**2 - 1/20*m**5 - 1/3*m**3 + m**4 + 0 + 5*m. What are the prime factors of j(11)?
103
Let s(b) = 7863*b - 990. What are the prime factors of s(4)?
2, 3, 5077
Let u be 6 - (-4)/8*2. Suppose a + u = 13. Suppose -a*t = -920 + 56. What are the prime factors of t?
2, 3
Let l(x) = 10*x**3 + 10*x**2 + x + 40. Let s(o) = 3*o**3 + 3*o**2 + 13. Let g(j) = 2*l(j) - 7*s(j). List the prime factors of g(-4).
29
Let v = -28 - -31. Suppose -v*k - 137 + 536 = 0. List the prime factors of k.
7, 19
Suppose 0*y + 5*y - 6123 = -m, 2*y - 8 = 0. What are the prime factors of m?
17, 359
Let g be ((-1601)/(-4))/(12/48). Suppose 0 = 8*k - 5777 + g. List the prime factors of k.
2, 3, 29
Let q be (0 - 80/15)*-9. Suppose q*v + 6*v = 27216. List the prime factors of v.
2, 3, 7
Let w(o) = -215*o**3 + 